{"id":4,"date":"2018-11-27T09:16:54","date_gmt":"2018-11-27T09:16:54","guid":{"rendered":"https:\/\/www.oihonna.st\/home\/"},"modified":"2025-08-01T10:13:12","modified_gmt":"2025-08-01T08:13:12","slug":"home","status":"publish","type":"page","link":"https:\/\/www.oihonna.st\/","title":{"rendered":"Hem"},"content":{"rendered":"\t\t<div data-elementor-type=\"wp-page\" data-elementor-id=\"4\" class=\"elementor elementor-4\">\n\t\t\t\t\t\t<section class=\"elementor-section elementor-top-section elementor-element elementor-element-c50838b elementor-section-boxed elementor-section-height-default elementor-section-height-default\" data-id=\"c50838b\" data-element_type=\"section\" data-settings=\"{&quot;background_background&quot;:&quot;classic&quot;}\">\n\t\t\t\t\t\t\t<div class=\"elementor-background-overlay\"><\/div>\n\t\t\t\t\t\t\t<div class=\"elementor-container elementor-column-gap-default\">\n\t\t\t\t\t<div class=\"elementor-column elementor-col-16 elementor-top-column elementor-element elementor-element-2f84d6d\" data-id=\"2f84d6d\" data-element_type=\"column\">\n\t\t\t<div class=\"elementor-widget-wrap elementor-element-populated\">\n\t\t\t\t\t\t<div class=\"elementor-element elementor-element-d22a37f elementor-widget elementor-widget-image\" data-id=\"d22a37f\" data-element_type=\"widget\" data-widget_type=\"image.default\">\n\t\t\t\t<div class=\"elementor-widget-container\">\n\t\t\t\t\t\t\t\t\t\t\t\t\t\t\t<img fetchpriority=\"high\" decoding=\"async\" width=\"1549\" height=\"2048\" src=\"https:\/\/www.oihonna.st\/wp-content\/uploads\/2021\/04\/oihonna-spec-1549x2048.jpg\" class=\"attachment-2048x2048 size-2048x2048 wp-image-813\" alt=\"\" srcset=\"https:\/\/www.oihonna.st\/wp-content\/uploads\/2021\/04\/oihonna-spec-1549x2048.jpg 1549w, https:\/\/www.oihonna.st\/wp-content\/uploads\/2021\/04\/oihonna-spec-227x300.jpg 227w, https:\/\/www.oihonna.st\/wp-content\/uploads\/2021\/04\/oihonna-spec-774x1024.jpg 774w, https:\/\/www.oihonna.st\/wp-content\/uploads\/2021\/04\/oihonna-spec-768x1016.jpg 768w, https:\/\/www.oihonna.st\/wp-content\/uploads\/2021\/04\/oihonna-spec-1162x1536.jpg 1162w, https:\/\/www.oihonna.st\/wp-content\/uploads\/2021\/04\/oihonna-spec.jpg 1815w\" sizes=\"(max-width: 1549px) 100vw, 1549px\" \/>\t\t\t\t\t\t\t\t\t\t\t\t\t\t\t<\/div>\n\t\t\t\t<\/div>\n\t\t\t\t\t<\/div>\n\t\t<\/div>\n\t\t\t\t<div class=\"elementor-column elementor-col-66 elementor-top-column elementor-element elementor-element-55b0429\" data-id=\"55b0429\" data-element_type=\"column\">\n\t\t\t<div class=\"elementor-widget-wrap elementor-element-populated\">\n\t\t\t\t\t\t<div class=\"elementor-element elementor-element-3428592 elementor-widget elementor-widget-heading\" data-id=\"3428592\" data-element_type=\"widget\" data-widget_type=\"heading.default\">\n\t\t\t\t<div class=\"elementor-widget-container\">\n\t\t\t\t\t<h3 class=\"elementor-heading-title elementor-size-default\"><i>Colin Archer<\/i>  s\/v Oihonna<\/h3>\t\t\t\t<\/div>\n\t\t\t\t<\/div>\n\t\t\t\t<div class=\"elementor-element elementor-element-92570e2 elementor-widget-divider--view-line elementor-widget elementor-widget-divider\" data-id=\"92570e2\" data-element_type=\"widget\" data-widget_type=\"divider.default\">\n\t\t\t\t<div class=\"elementor-widget-container\">\n\t\t\t\t\t\t\t<div class=\"elementor-divider\">\n\t\t\t<span class=\"elementor-divider-separator\">\n\t\t\t\t\t\t<\/span>\n\t\t<\/div>\n\t\t\t\t\t\t<\/div>\n\t\t\t\t<\/div>\n\t\t\t\t<div class=\"elementor-element elementor-element-6291f52 elementor-widget elementor-widget-text-editor\" data-id=\"6291f52\" data-element_type=\"widget\" data-widget_type=\"text-editor.default\">\n\t\t\t\t<div class=\"elementor-widget-container\">\n\t\t\t\t\t\t\t\t\t<p>\u00a0<\/p><p><i>Oihonna is a 45-foot steel Colin Archer that can be sailed by two people but accommodates ten. She was launched in 2000 and is built on the frame templates from Colin Archer&#8217;s RS14 \u2018Stavanger\u2019.<\/i><\/p><p><i>She has sailed 40.000 nautical miles in the Black Sea, the Mediterranean, the Caribbean, the Baltic and North Sea, and is now embarking on a new adventure after a major refit. <br \/>Follow updates on <\/i><em><a href=\"https:\/\/www.instagram.com\/oihonnas_adventures\/\">Oihonnas adventures<\/a>\u00a0(<\/em><span style=\"color: #1a282f; text-align: start;\">\u00a0<\/span><a style=\"background-color: #ffffff; color: #ff8121; text-align: start;\" href=\"https:\/\/www.youtube.com\/@OihonnasAdventures\" target=\"_blank\" rel=\"noopener\">You Tube<\/a>\u00a0and\u00a0 \u00a0<a style=\"background-color: #ffffff; color: #ff8121; text-align: start;\" href=\"https:\/\/www.instagram.com\/oihonnas_adventures\/\" target=\"_blank\" rel=\"noopener\">Instagram<\/a>)<\/p>\t\t\t\t\t\t\t\t<\/div>\n\t\t\t\t<\/div>\n\t\t\t\t<div class=\"elementor-element elementor-element-9eb20b4 elementor-widget elementor-widget-text-editor\" data-id=\"9eb20b4\" data-element_type=\"widget\" data-widget_type=\"text-editor.default\">\n\t\t\t\t<div class=\"elementor-widget-container\">\n\t\t\t\t\t\t\t\t\t<p>\u00a0<\/p><p><i>Oihonna \u00e4r en 45 fots st\u00e5l-ColinArcher som kan seglas av tv\u00e5 personer men rymmer tio. Hon sj\u00f6sattes 2000 och \u00e4r byggd p\u00e5 spantmallarna fr\u00e5n Colin Archers RS14 &#8220;Stavanger&#8221;.<\/i><\/p><p><i>Hon har seglat 40 000 sj\u00f6mil p\u00e5 Svarta havet, Medelhavet, Karibiska sj\u00f6n, \u00d6stersj\u00f6n och Nordsj\u00f6n och \u00e4r nu p\u00e5 nytt \u00e4ventyr efter en genomgripande upprustning. <br \/>F\u00f6lj uppdateringarna p\u00e5\u00a0 <\/i><em><a href=\"https:\/\/www.instagram.com\/oihonnas_adventures\/\">Oihonnas adventures<\/a>\u00a0<\/em><em>(<\/em><span style=\"color: #1a282f; text-align: start;\">\u00a0<\/span><a style=\"background-color: #ffffff; color: #ff8121; outline: 0px; text-align: start;\" href=\"https:\/\/www.youtube.com\/@OihonnasAdventures\" target=\"_blank\" rel=\"noopener\">You Tube<\/a>\u00a0och\u00a0 \u00a0<a style=\"background-color: #ffffff; color: #ff8121; text-align: start;\" href=\"https:\/\/www.instagram.com\/oihonnas_adventures\/\" target=\"_blank\" rel=\"noopener\">Instagram<\/a>)<\/p>\t\t\t\t\t\t\t\t<\/div>\n\t\t\t\t<\/div>\n\t\t\t\t\t<\/div>\n\t\t<\/div>\n\t\t\t\t<div class=\"elementor-column elementor-col-16 elementor-top-column elementor-element elementor-element-79b148e\" data-id=\"79b148e\" data-element_type=\"column\">\n\t\t\t<div class=\"elementor-widget-wrap\">\n\t\t\t\t\t\t\t<\/div>\n\t\t<\/div>\n\t\t\t\t\t<\/div>\n\t\t<\/section>\n\t\t\t\t<section class=\"elementor-section elementor-top-section elementor-element elementor-element-c604d49 elementor-section-boxed elementor-section-height-default elementor-section-height-default\" data-id=\"c604d49\" data-element_type=\"section\" data-settings=\"{&quot;background_background&quot;:&quot;classic&quot;}\">\n\t\t\t\t\t\t<div class=\"elementor-container elementor-column-gap-default\">\n\t\t\t\t\t<div class=\"elementor-column elementor-col-100 elementor-top-column elementor-element elementor-element-db54639\" data-id=\"db54639\" data-element_type=\"column\">\n\t\t\t<div class=\"elementor-widget-wrap\">\n\t\t\t\t\t\t\t<\/div>\n\t\t<\/div>\n\t\t\t\t\t<\/div>\n\t\t<\/section>\n\t\t\t\t<\/div>\n\t\t","protected":false},"excerpt":{"rendered":"<p>Colin Archer s\/v Oihonna \u00a0 Oihonna is a 45-foot steel Colin Archer that can be sailed by two people but accommodates ten. She was launched in 2000 and is built on the frame templates from Colin Archer&#8217;s RS14 \u2018Stavanger\u2019. She has sailed 40.000 nautical miles in the Black Sea, the Mediterranean, the Caribbean, the Baltic [&hellip;]<\/p>\n","protected":false},"author":1,"featured_media":0,"parent":0,"menu_order":0,"comment_status":"closed","ping_status":"closed","template":"","meta":{"footnotes":""},"class_list":["post-4","page","type-page","status-publish","hentry"],"_links":{"self":[{"href":"https:\/\/www.oihonna.st\/index.php?rest_route=\/wp\/v2\/pages\/4","targetHints":{"allow":["GET"]}}],"collection":[{"href":"https:\/\/www.oihonna.st\/index.php?rest_route=\/wp\/v2\/pages"}],"about":[{"href":"https:\/\/www.oihonna.st\/index.php?rest_route=\/wp\/v2\/types\/page"}],"author":[{"embeddable":true,"href":"https:\/\/www.oihonna.st\/index.php?rest_route=\/wp\/v2\/users\/1"}],"replies":[{"embeddable":true,"href":"https:\/\/www.oihonna.st\/index.php?rest_route=%2Fwp%2Fv2%2Fcomments&post=4"}],"version-history":[{"count":82,"href":"https:\/\/www.oihonna.st\/index.php?rest_route=\/wp\/v2\/pages\/4\/revisions"}],"predecessor-version":[{"id":3403,"href":"https:\/\/www.oihonna.st\/index.php?rest_route=\/wp\/v2\/pages\/4\/revisions\/3403"}],"wp:attachment":[{"href":"https:\/\/www.oihonna.st\/index.php?rest_route=%2Fwp%2Fv2%2Fmedia&parent=4"}],"curies":[{"name":"wp","href":"https:\/\/api.w.org\/{rel}","templated":true}]}}