{"id":677,"date":"2018-11-27T09:17:42","date_gmt":"2018-11-27T09:17:42","guid":{"rendered":"https:\/\/www.oihonna.st\/projects\/"},"modified":"2023-03-21T16:20:41","modified_gmt":"2023-03-21T16:20:41","slug":"projects","status":"publish","type":"page","link":"https:\/\/www.oihonna.st\/?page_id=677","title":{"rendered":"Priser"},"content":{"rendered":"\t\t<div data-elementor-type=\"wp-post\" data-elementor-id=\"677\" class=\"elementor elementor-677\">\n\t\t\t\t\t\t<section class=\"elementor-section elementor-top-section elementor-element elementor-element-8262e30 elementor-section-content-middle elementor-section-boxed elementor-section-height-default elementor-section-height-default\" data-id=\"8262e30\" data-element_type=\"section\" data-settings=\"{&quot;background_background&quot;:&quot;classic&quot;}\">\n\t\t\t\t\t\t\t<div class=\"elementor-background-overlay\"><\/div>\n\t\t\t\t\t\t\t<div class=\"elementor-container elementor-column-gap-no\">\n\t\t\t\t\t<div class=\"elementor-column elementor-col-100 elementor-top-column elementor-element elementor-element-da6ae65\" data-id=\"da6ae65\" data-element_type=\"column\">\n\t\t\t<div class=\"elementor-widget-wrap elementor-element-populated\">\n\t\t\t\t\t\t<section class=\"elementor-section elementor-inner-section elementor-element elementor-element-5e81527 elementor-section-boxed elementor-section-height-default elementor-section-height-default\" data-id=\"5e81527\" data-element_type=\"section\">\n\t\t\t\t\t\t<div class=\"elementor-container elementor-column-gap-default\">\n\t\t\t\t\t<div class=\"elementor-column elementor-col-50 elementor-inner-column elementor-element elementor-element-e9329a8\" data-id=\"e9329a8\" data-element_type=\"column\">\n\t\t\t<div class=\"elementor-widget-wrap elementor-element-populated\">\n\t\t\t\t\t\t<div class=\"elementor-element elementor-element-bc0fbb1 elementor-widget elementor-widget-heading\" data-id=\"bc0fbb1\" data-element_type=\"widget\" data-widget_type=\"heading.default\">\n\t\t\t\t<div class=\"elementor-widget-container\">\n\t\t\t\t\t<h3 class=\"elementor-heading-title elementor-size-default\">Segla sj\u00e4lv<\/h3>\t\t\t\t<\/div>\n\t\t\t\t<\/div>\n\t\t\t\t<div class=\"elementor-element elementor-element-de87ebb elementor-widget elementor-widget-text-editor\" data-id=\"de87ebb\" data-element_type=\"widget\" data-widget_type=\"text-editor.default\">\n\t\t\t\t<div class=\"elementor-widget-container\">\n\t\t\t\t\t\t\t\t\t<p><strong>Pris: 20 000 kr\/vecka<\/strong><\/p><p>\u00a0<\/p>\t\t\t\t\t\t\t\t<\/div>\n\t\t\t\t<\/div>\n\t\t\t\t<div class=\"elementor-element elementor-element-046d0e3 elementor-widget elementor-widget-text-editor\" data-id=\"046d0e3\" data-element_type=\"widget\" data-widget_type=\"text-editor.default\">\n\t\t\t\t<div class=\"elementor-widget-container\">\n\t\t\t\t\t\t\t\t\t<p>Max 7 personer.<br>F\u00f6rskottsbetalning (depositionsavgift p\u00e5 15 000 kr f\u00f6r sj\u00e4lvrisk tillkommer)<br>Du \u00e4r erfaren seglare och van vid st\u00f6rre segelb\u00e5tar.<br>Du vill segla sj\u00e4lv och har bes\u00e4ttning.<br>Du m\u00e5ste kunna dokumentera god f\u00e4rdighet&nbsp;i sj\u00f6manskap.<br>Minst en person, bef\u00e4lhavare,&nbsp;m\u00e5ste uppvisa&nbsp;minst Kustskepparexamen ( f\u00f6rs\u00e4kringskrav).<br>Drivmedel (5L\/h) och kajhyra beroende p\u00e5 seglad distans och val av hamn samt till\u00e4gssf\u00f6rs\u00e4kring f\u00f6r uthyrning.<\/p>\t\t\t\t\t\t\t\t<\/div>\n\t\t\t\t<\/div>\n\t\t\t\t\t<\/div>\n\t\t<\/div>\n\t\t\t\t<div class=\"elementor-column elementor-col-50 elementor-inner-column elementor-element elementor-element-f259508\" data-id=\"f259508\" data-element_type=\"column\">\n\t\t\t<div class=\"elementor-widget-wrap elementor-element-populated\">\n\t\t\t\t\t\t<div class=\"elementor-element elementor-element-6cb3f76 elementor-widget elementor-widget-heading\" data-id=\"6cb3f76\" data-element_type=\"widget\" data-widget_type=\"heading.default\">\n\t\t\t\t<div class=\"elementor-widget-container\">\n\t\t\t\t\t<h3 class=\"elementor-heading-title elementor-size-default\">Segla med bes\u00e4ttning<\/h3>\t\t\t\t<\/div>\n\t\t\t\t<\/div>\n\t\t\t\t<div class=\"elementor-element elementor-element-7735efc elementor-widget elementor-widget-text-editor\" data-id=\"7735efc\" data-element_type=\"widget\" data-widget_type=\"text-editor.default\">\n\t\t\t\t<div class=\"elementor-widget-container\">\n\t\t\t\t\t\t\t\t\t<p><strong>Pris:\u00a0<\/strong><span style=\"font-weight: bolder;\">Pris: 20 000 kr\/dygn<\/span><\/p><p>\u00a0<\/p><p>\u00a0<\/p>\t\t\t\t\t\t\t\t<\/div>\n\t\t\t\t<\/div>\n\t\t\t\t<div class=\"elementor-element elementor-element-a1fed36 elementor-widget elementor-widget-text-editor\" data-id=\"a1fed36\" data-element_type=\"widget\" data-widget_type=\"text-editor.default\">\n\t\t\t\t<div class=\"elementor-widget-container\">\n\t\t\t\t\t\t\t\t\t<p>Max 6 personer.<br \/>F\u00f6rskottsbetalning (depositionsavgift p\u00e5 15 000 kr f\u00f6r sj\u00e4lvrisk tillkommer)<br \/>Oihonna kommer bunkrad med vatten och diesel och en befaren bef\u00e4lhavare, men bes\u00e4ttningen m\u00e5ste kunna agera p\u00e5 en segelb\u00e5t och hj\u00e4lpa till vid f\u00f6rt\u00f6jning och man\u00f6ver.<br \/>Tillkommer: Mat, dryck. Drivmedel (5L\/h) och kajhyra beroende p\u00e5 seglad distans och val av hamn samt till\u00e4gssf\u00f6rs\u00e4kring f\u00f6r uthyrning med bes\u00e4ttning.<\/p>\t\t\t\t\t\t\t\t<\/div>\n\t\t\t\t<\/div>\n\t\t\t\t\t<\/div>\n\t\t<\/div>\n\t\t\t\t\t<\/div>\n\t\t<\/section>\n\t\t\t\t\t<\/div>\n\t\t<\/div>\n\t\t\t\t\t<\/div>\n\t\t<\/section>\n\t\t\t\t<section class=\"elementor-section elementor-top-section elementor-element elementor-element-ca90303 elementor-section-boxed elementor-section-height-default elementor-section-height-default\" data-id=\"ca90303\" data-element_type=\"section\">\n\t\t\t\t\t\t<div class=\"elementor-container elementor-column-gap-default\">\n\t\t\t\t\t<div class=\"elementor-column elementor-col-100 elementor-top-column elementor-element elementor-element-6f6a760\" data-id=\"6f6a760\" data-element_type=\"column\">\n\t\t\t<div class=\"elementor-widget-wrap elementor-element-populated\">\n\t\t\t\t\t\t<section class=\"elementor-section elementor-inner-section elementor-element elementor-element-d19a42e elementor-section-boxed elementor-section-height-default elementor-section-height-default\" data-id=\"d19a42e\" data-element_type=\"section\">\n\t\t\t\t\t\t<div class=\"elementor-container elementor-column-gap-default\">\n\t\t\t\t\t<div class=\"elementor-column elementor-col-50 elementor-inner-column elementor-element elementor-element-633f3db\" data-id=\"633f3db\" data-element_type=\"column\">\n\t\t\t<div class=\"elementor-widget-wrap elementor-element-populated\">\n\t\t\t\t\t\t<div class=\"elementor-element elementor-element-2e66549 elementor-widget elementor-widget-heading\" data-id=\"2e66549\" data-element_type=\"widget\" data-widget_type=\"heading.default\">\n\t\t\t\t<div class=\"elementor-widget-container\">\n\t\t\t\t\t<h3 class=\"elementor-heading-title elementor-size-default\">Bo p\u00e5 b\u00e5ten<\/h3>\t\t\t\t<\/div>\n\t\t\t\t<\/div>\n\t\t\t\t<div class=\"elementor-element elementor-element-0ee3a82 elementor-widget elementor-widget-text-editor\" data-id=\"0ee3a82\" data-element_type=\"widget\" data-widget_type=\"text-editor.default\">\n\t\t\t\t<div class=\"elementor-widget-container\">\n\t\t\t\t\t\t\t\t\t<p><strong>Pris:\u00a0<\/strong><\/p><p>15 000 kr ink moms \/ vecka.<\/p>\t\t\t\t\t\t\t\t<\/div>\n\t\t\t\t<\/div>\n\t\t\t\t<div class=\"elementor-element elementor-element-fc9015b elementor-widget elementor-widget-text-editor\" data-id=\"fc9015b\" data-element_type=\"widget\" data-widget_type=\"text-editor.default\">\n\t\t\t\t<div class=\"elementor-widget-container\">\n\t\t\t\t\t\t\t\t\t<p><strong>S\u00e4rskilda villkor:<\/strong><\/p><p>Max 4 personer<\/p><p>F\u00f6rskottsbetalning.<br \/>Tillkommer: eventuell hyra f\u00f6r kajplats.<br \/>(Gasol till k\u00f6ket, elektricitet, br\u00e4nsle f\u00f6r uppv\u00e4rmning ing\u00e5r i priset.)<\/p>\t\t\t\t\t\t\t\t<\/div>\n\t\t\t\t<\/div>\n\t\t\t\t\t<\/div>\n\t\t<\/div>\n\t\t\t\t<div class=\"elementor-column elementor-col-50 elementor-inner-column elementor-element elementor-element-5506c7c\" data-id=\"5506c7c\" data-element_type=\"column\">\n\t\t\t<div class=\"elementor-widget-wrap elementor-element-populated\">\n\t\t\t\t\t\t<div class=\"elementor-element elementor-element-b942911 elementor-widget elementor-widget-image\" data-id=\"b942911\" data-element_type=\"widget\" data-widget_type=\"image.default\">\n\t\t\t\t<div class=\"elementor-widget-container\">\n\t\t\t\t\t\t\t\t\t\t\t\t\t\t\t<img fetchpriority=\"high\" decoding=\"async\" width=\"640\" height=\"429\" src=\"https:\/\/www.oihonna.st\/wp-content\/uploads\/2021\/04\/sweden-water-stockholm-5017423-1024x686.jpg\" class=\"attachment-large size-large wp-image-787\" alt=\"sweden, water, stockholm\" srcset=\"https:\/\/www.oihonna.st\/wp-content\/uploads\/2021\/04\/sweden-water-stockholm-5017423-1024x686.jpg 1024w, https:\/\/www.oihonna.st\/wp-content\/uploads\/2021\/04\/sweden-water-stockholm-5017423-300x201.jpg 300w, https:\/\/www.oihonna.st\/wp-content\/uploads\/2021\/04\/sweden-water-stockholm-5017423-768x514.jpg 768w, https:\/\/www.oihonna.st\/wp-content\/uploads\/2021\/04\/sweden-water-stockholm-5017423.jpg 1280w\" sizes=\"(max-width: 640px) 100vw, 640px\" \/>\t\t\t\t\t\t\t\t\t\t\t\t\t\t\t<\/div>\n\t\t\t\t<\/div>\n\t\t\t\t\t<\/div>\n\t\t<\/div>\n\t\t\t\t\t<\/div>\n\t\t<\/section>\n\t\t\t\t\t<\/div>\n\t\t<\/div>\n\t\t\t\t\t<\/div>\n\t\t<\/section>\n\t\t\t\t<\/div>\n\t\t","protected":false},"excerpt":{"rendered":"<p>Segla sj\u00e4lv Pris: 20 000 kr\/vecka \u00a0 Max 7 personer.F\u00f6rskottsbetalning (depositionsavgift p\u00e5 15 000 kr f\u00f6r sj\u00e4lvrisk tillkommer)Du \u00e4r erfaren seglare och van vid st\u00f6rre segelb\u00e5tar.Du vill segla sj\u00e4lv och har bes\u00e4ttning.Du m\u00e5ste kunna dokumentera god f\u00e4rdighet&nbsp;i sj\u00f6manskap.Minst en person, bef\u00e4lhavare,&nbsp;m\u00e5ste uppvisa&nbsp;minst Kustskepparexamen ( f\u00f6rs\u00e4kringskrav).Drivmedel (5L\/h) och kajhyra beroende p\u00e5 seglad distans och val av [&hellip;]<\/p>\n","protected":false},"author":1,"featured_media":0,"parent":0,"menu_order":0,"comment_status":"closed","ping_status":"closed","template":"","meta":{"footnotes":""},"class_list":["post-677","page","type-page","status-publish","hentry"],"_links":{"self":[{"href":"https:\/\/www.oihonna.st\/index.php?rest_route=\/wp\/v2\/pages\/677","targetHints":{"allow":["GET"]}}],"collection":[{"href":"https:\/\/www.oihonna.st\/index.php?rest_route=\/wp\/v2\/pages"}],"about":[{"href":"https:\/\/www.oihonna.st\/index.php?rest_route=\/wp\/v2\/types\/page"}],"author":[{"embeddable":true,"href":"https:\/\/www.oihonna.st\/index.php?rest_route=\/wp\/v2\/users\/1"}],"replies":[{"embeddable":true,"href":"https:\/\/www.oihonna.st\/index.php?rest_route=%2Fwp%2Fv2%2Fcomments&post=677"}],"version-history":[{"count":41,"href":"https:\/\/www.oihonna.st\/index.php?rest_route=\/wp\/v2\/pages\/677\/revisions"}],"predecessor-version":[{"id":991,"href":"https:\/\/www.oihonna.st\/index.php?rest_route=\/wp\/v2\/pages\/677\/revisions\/991"}],"wp:attachment":[{"href":"https:\/\/www.oihonna.st\/index.php?rest_route=%2Fwp%2Fv2%2Fmedia&parent=677"}],"curies":[{"name":"wp","href":"https:\/\/api.w.org\/{rel}","templated":true}]}}